{"id":1927,"date":"2025-07-03T16:19:07","date_gmt":"2025-07-03T14:19:07","guid":{"rendered":"https:\/\/www.xbonus.cloud\/xpress\/?page_id=1927"},"modified":"2025-07-19T11:22:23","modified_gmt":"2025-07-19T09:22:23","slug":"xenea-2-0","status":"publish","type":"page","link":"https:\/\/www.xbonus.cloud\/xpress\/xenea-2-0\/","title":{"rendered":"xEnea 2.0"},"content":{"rendered":"\n<div class=\"wp-block-cover alignfull is-light\" style=\"min-height:200px;aspect-ratio:unset;\"><img loading=\"lazy\" decoding=\"async\" width=\"1584\" height=\"396\" class=\"wp-block-cover__image-background wp-image-731\" alt=\"\" src=\"https:\/\/www.xbonus.cloud\/xpress\/wp-content\/uploads\/2024\/10\/Minimale-Geometrico-Innovazione-Copertina-di-LinkedIn-18.png\" style=\"object-position:100% 100%\" data-object-fit=\"cover\" data-object-position=\"100% 100%\" srcset=\"https:\/\/www.xbonus.cloud\/xpress\/wp-content\/uploads\/2024\/10\/Minimale-Geometrico-Innovazione-Copertina-di-LinkedIn-18.png 1584w, https:\/\/www.xbonus.cloud\/xpress\/wp-content\/uploads\/2024\/10\/Minimale-Geometrico-Innovazione-Copertina-di-LinkedIn-18-300x75.png 300w, https:\/\/www.xbonus.cloud\/xpress\/wp-content\/uploads\/2024\/10\/Minimale-Geometrico-Innovazione-Copertina-di-LinkedIn-18-1024x256.png 1024w, https:\/\/www.xbonus.cloud\/xpress\/wp-content\/uploads\/2024\/10\/Minimale-Geometrico-Innovazione-Copertina-di-LinkedIn-18-768x192.png 768w, https:\/\/www.xbonus.cloud\/xpress\/wp-content\/uploads\/2024\/10\/Minimale-Geometrico-Innovazione-Copertina-di-LinkedIn-18-1536x384.png 1536w\" sizes=\"auto, (max-width: 1584px) 100vw, 1584px\" \/><span aria-hidden=\"true\" class=\"wp-block-cover__background has-background-dim-0 has-background-dim\" style=\"background-color:#7aa4d9\"><\/span><div class=\"wp-block-cover__inner-container is-layout-constrained wp-block-cover-is-layout-constrained\">\n<p class=\"has-text-align-center has-large-font-size\"><\/p>\n<\/div><\/div>\n\n\n\n<div style=\"height:100px\" aria-hidden=\"true\" class=\"wp-block-spacer\"><\/div>\n\n\n\n<h6 class=\"wp-block-heading has-text-color has-link-color wp-elements-bc7ee76603b768d8a5de63e23344b95d\" id=\"pratica\" style=\"color:#5285d2;font-size:35px\"><strong>Nuovo portale ENEA operativo e regole aggiornate<\/strong><\/h6>\n\n\n\n<p class=\"has-ast-global-color-7-color has-text-color has-link-color wp-elements-8146627043e755bac649e9e9596210f7\" style=\"font-size:20px\">A partire dal<strong> 30 giugno 2025<\/strong> \u00e8 operativo il portale aggiornato&nbsp;<a href=\"http:\/\/bonusfiscali.enea.it\/\" target=\"_blank\" rel=\"noreferrer noopener\"><strong>bonusfiscali.enea.it<\/strong><\/a>&nbsp;per la trasmissione dei dati all\u2019ENEA relativi agli interventi che accedono alle detrazioni fiscali di Ecobonus (legge 296\/2006 e art. 14 del D.L. 63\/2013) e Bonus Casa (art. 16 bis del DPR 917\/86 e art. 16 del DL 63\/2013).<\/p>\n\n\n\n<p class=\"has-ast-global-color-7-color has-text-color has-link-color has-medium-font-size wp-elements-99f2e54429410440baf549b6cb26f8e2\">Il conteggio dei 90 giorni per la trasmissione dati decorre dal 30 giugno 2025:<\/p>\n\n\n\n<ul class=\"wp-block-list\">\n<li class=\"has-ast-global-color-7-color has-text-color has-link-color has-medium-font-size wp-elements-1446be1dd9bbb374db96b29974bac53d\">per gli interventi conclusi tra il 1\u00b0 gennaio 2025 e la data odierna di messa online del portale<\/li>\n\n\n\n<li class=\"has-black-color has-text-color has-link-color has-medium-font-size wp-elements-e23ed20c56fbab0507252fb2efb02ee9\">per i lavori conclusi nel 2024 ma con parte delle spese da detrarre sostenute nel 2025<\/li>\n<\/ul>\n\n\n\n<p class=\"has-black-color has-text-color has-link-color has-medium-font-size wp-elements-5d99b45148525ddceff38311ee29435d\">Si ricorda l&#8217;importante novit\u00e0 introdotta dalla legge di Bilancio 2025: sono escluse dal Bonus Casa e dall&#8217;Ecobonus le caldaie a gas incluse quelle a condensazione. Pertanto, l&#8217;agevolazione riguarder\u00e0 solo le spese sostenute fino al 31\/12\/2024.<\/p>\n\n\n\n<p class=\"has-black-color has-text-color has-link-color has-medium-font-size wp-elements-490293e4d8c1ddc0b2b300d4eb414a6a\"><strong>Si informa che il portale xEnea\u00a0\u00e8 stato gi\u00e0 aggiornato con le nuove regole, per cui il servizio verifica dati ed invio delle pratiche con fine lavori 2025 \u00e8 operativo.<\/strong><br><\/p>\n\n\n\n<p><\/p>\n","protected":false},"excerpt":{"rendered":"<p>Nuovo portale ENEA operativo e regole aggiornate A partire dal 30 giugno 2025 \u00e8 operativo il portale aggiornato&nbsp;bonusfiscali.enea.it&nbsp;per la trasmissione dei dati all\u2019ENEA relativi agli interventi che accedono alle detrazioni fiscali di Ecobonus (legge 296\/2006 e art. 14 del D.L. 63\/2013) e Bonus Casa (art. 16 bis del DPR 917\/86 e art. 16 del DL [&hellip;]<\/p>\n","protected":false},"author":3,"featured_media":0,"parent":0,"menu_order":0,"comment_status":"closed","ping_status":"closed","template":"","meta":{"_eb_attr":"","site-sidebar-layout":"default","site-content-layout":"","ast-site-content-layout":"","site-content-style":"default","site-sidebar-style":"default","ast-global-header-display":"","ast-banner-title-visibility":"","ast-main-header-display":"","ast-hfb-above-header-display":"","ast-hfb-below-header-display":"","ast-hfb-mobile-header-display":"","site-post-title":"disabled","ast-breadcrumbs-content":"","ast-featured-img":"","footer-sml-layout":"","theme-transparent-header-meta":"","adv-header-id-meta":"","stick-header-meta":"","header-above-stick-meta":"","header-main-stick-meta":"","header-below-stick-meta":"","astra-migrate-meta-layouts":"default","ast-page-background-enabled":"default","ast-page-background-meta":{"desktop":{"background-color":"var(--ast-global-color-4)","background-image":"","background-repeat":"repeat","background-position":"center center","background-size":"auto","background-attachment":"scroll","background-type":"","background-media":"","overlay-type":"","overlay-color":"","overlay-opacity":"","overlay-gradient":""},"tablet":{"background-color":"","background-image":"","background-repeat":"repeat","background-position":"center center","background-size":"auto","background-attachment":"scroll","background-type":"","background-media":"","overlay-type":"","overlay-color":"","overlay-opacity":"","overlay-gradient":""},"mobile":{"background-color":"","background-image":"","background-repeat":"repeat","background-position":"center center","background-size":"auto","background-attachment":"scroll","background-type":"","background-media":"","overlay-type":"","overlay-color":"","overlay-opacity":"","overlay-gradient":""}},"ast-content-background-meta":{"desktop":{"background-color":"var(--ast-global-color-5)","background-image":"","background-repeat":"repeat","background-position":"center center","background-size":"auto","background-attachment":"scroll","background-type":"","background-media":"","overlay-type":"","overlay-color":"","overlay-opacity":"","overlay-gradient":""},"tablet":{"background-color":"var(--ast-global-color-5)","background-image":"","background-repeat":"repeat","background-position":"center center","background-size":"auto","background-attachment":"scroll","background-type":"","background-media":"","overlay-type":"","overlay-color":"","overlay-opacity":"","overlay-gradient":""},"mobile":{"background-color":"var(--ast-global-color-5)","background-image":"","background-repeat":"repeat","background-position":"center center","background-size":"auto","background-attachment":"scroll","background-type":"","background-media":"","overlay-type":"","overlay-color":"","overlay-opacity":"","overlay-gradient":""}},"footnotes":""},"class_list":["post-1927","page","type-page","status-publish","hentry"],"_links":{"self":[{"href":"https:\/\/www.xbonus.cloud\/xpress\/wp-json\/wp\/v2\/pages\/1927","targetHints":{"allow":["GET"]}}],"collection":[{"href":"https:\/\/www.xbonus.cloud\/xpress\/wp-json\/wp\/v2\/pages"}],"about":[{"href":"https:\/\/www.xbonus.cloud\/xpress\/wp-json\/wp\/v2\/types\/page"}],"author":[{"embeddable":true,"href":"https:\/\/www.xbonus.cloud\/xpress\/wp-json\/wp\/v2\/users\/3"}],"replies":[{"embeddable":true,"href":"https:\/\/www.xbonus.cloud\/xpress\/wp-json\/wp\/v2\/comments?post=1927"}],"version-history":[{"count":4,"href":"https:\/\/www.xbonus.cloud\/xpress\/wp-json\/wp\/v2\/pages\/1927\/revisions"}],"predecessor-version":[{"id":1947,"href":"https:\/\/www.xbonus.cloud\/xpress\/wp-json\/wp\/v2\/pages\/1927\/revisions\/1947"}],"wp:attachment":[{"href":"https:\/\/www.xbonus.cloud\/xpress\/wp-json\/wp\/v2\/media?parent=1927"}],"curies":[{"name":"wp","href":"https:\/\/api.w.org\/{rel}","templated":true}]}}